ime?
True
Is 357701 a composite number?
True
Is 10637 a composite number?
True
Is 125065 a composite number?
True
Is 6499 a composite number?
True
Is 49031 prime?
True
Is 14977 composite?
True
Is 9719 a prime number?
True
Is 1642917 composite?
True
Is 71531 a prime number?
False
Is 797813 composite?
False
Is 41807 composite?
True
Is 15101 prime?
True
Is 1141 composite?
True
Is 18923 a prime number?
False
Is 22367 composite?
False
Is 185947 prime?
True
Is 109673 composite?
False
Is 162989 a prime number?
True
Is 29477 composite?
True
Is 32649 a prime number?
False
Is 1832057 a composite number?
False
Is 317721 prime?
False
Is 21451 composite?
True
Is 3603 a composite number?
True
Is 743 composite?
False
Is 8369905 a composite number?
True
Is 12067 prime?
False
Is 525457 a prime number?
True
Is 35897 composite?
False
Is 1642 a composite number?
True
Is 14677 composite?
True
Is 24937 prime?
False
Is 11771 composite?
True
Is 2501 a prime number?
False
Is 2321 prime?
False
Is 6163 a prime number?
True
Is 39869 a prime number?
True
Is 13517 composite?
True
Is 24117 a composite number?
True
Is 33265 a composite number?
True
Is 356621 prime?
True
Is 282137 prime?
False
Is 5345 prime?
False
Is 305 composite?
True
Is 2039 a prime number?
True
Is 1342049 a prime number?
True
Is 135977 composite?
False
Is 299 prime?
False
Is 10673 a prime number?
False
Is 800063 a composite number?
True
Is 323737 composite?
True
Is 138091 prime?
False
Is 123001 prime?
True
Is 1693987 composite?
False
Is 1096786 a composite number?
True
Is 8861 a prime number?
True
Is 1742723 composite?
False
Is 983771 composite?
False
Is 43961 a prime number?
True
Is 2201 composite?
True
Is 97919 prime?
True
Is 89255 composite?
True
Is 74653 a prime number?
True
Is 541283 a prime number?
True
Is 7621 a prime number?
True
Is 404597 a prime number?
True
Is 1412393 prime?
True
Is 41486 a prime number?
False
Is 30293 composite?
False
Is 20569 a composite number?
True
Is 35753 composite?
False
Is 25057 composite?
False
Is 10681 prime?
False
Is 1122281 a composite number?
False
Is 160141 composite?
False
Is 14699 a composite number?
False
Is 7999 a composite number?
True
Is 1839283 a prime number?
True
Is 38393 composite?
False
Is 423971 a composite number?
True
Is 20053 composite?
True
Is 85987 prime?
False
Is 96139 a composite number?
True
Is 30239 prime?
False
Is 27589 a prime number?
False
Is 177697 a composite number?
True
Is 374639 a prime number?
True
Is 1135259 composite?
True
Is 2437 a composite number?
False
Is 298493 a composite number?
True
Is 862727 composite?
False
Is 1901 a prime number?
True
Is 723505 composite?
True
Is 8297 prime?
True
Is 125527 prime?
True
Is 23227 a composite number?
False
Is 3989 a prime number?
True
Is 261427 a prime number?
True
Is 5513 a composite number?
True
Is 617983 prime?
True
Is 31019 composite?
False
Is 85135 composite?
True
Is 399593 a prime number?
False
Is 223 a prime number?
True
Is 550841 a prime number?
True
Is 4967 a composite number?
False
Is 135697 composite?
False
Is 170333 a composite number?
True
Is 9989 prime?
False
Is 1169249 prime?
True
Is 1901 a prime number?
True
Is 26339 prime?
True
Is 78691 a composite number?
False
Is 23923 a composite number?
True
Is 128009 prime?
False
Is 24907 a composite number?
False
Is 39019 a prime number?
True
Is 18143 prime?
True
Is 167626 composite?
True
Is 7499 a prime number?
True
Is 13789 prime?
True
Is 5167 a prime number?
True
Is 5003 prime?
True
Is 591439 a prime number?
False
Is 161869 composite?
False
Is 176777 composite?
False
Is 2371 prime?
True
Is 38593 prime?
True
Is 370057 a prime number?
True
Is 7039 a prime number?
True
Is 3876253 composite?
False
Is 68569 a composite number?
True
Is 19841 prime?
True
Is 2363 prime?
False
Is 9647 composite?
True
Is 14969 prime?
True
Is 664637 prime?
False
Is 4861 prime?
True
Is 3789035 prime?
False
Is 383219 prime?
True
Is 50891 composite?
False
Is 36587 prime?
True
Is 60185 composite?
True
Is 285599 prime?
True
Is 8389 prime?
True
Is 45299 composite?
True
Is 3003833 a composite number?
True
Is 135389 a prime number?
True
Is 143095 composite?
True
Is 47653 prime?
True
Is 42257 prime?
True
Is 1303811 composite?
True
Is 9511 a prime number?
True
Is 655507 a prime number?
True
Is 222403 a composite number?
False
Is 39929 a prime number?
True
Is 1091969 composite?
True
Is 152135 a prime number?
False
Is 549053 prime?
False
Is 295189 a prime number?
False
Is 26305 a prime number?
False
Is 2909 a prime number?
True
Is 4861 composite?
False
Is 304541 a composite number?
False
Is 6911 a composite number?
False
Is 740167 prime?
False
Is 190681 a composite number?
True
Is 127 a composite number?
False
Is 587 prime?
True
Is 4267 a prime number?
False
Is 4279 prime?
False
Is 6197 prime?
True
Is 11369 composite?
False
Is 3103 prime?
False
Is 100907 a composite number?
False
Is 1031 prime?
True
Is 360719 prime?
False
Is 1844411 a composite number?
False
Is 647 composite?
False
Is 128789 composite?
True
Is 139067 a composite number?
False
Is 18371 a prime number?
True
Is 14851 a composite number?
False
Is 342971 composite?
False
Is 169637 a prime number?
False
Is 33403 a prime number?
True
Is 14227 prime?
False
Is 67699 prime?
True
Is 1046041 composite?
True
Is 14867 prime?
True
Is 507527 prime?
False
Is 26599 a composite number?
True
Is 289589 a composite number?
False
Is 249349 composite?
True
Is 1407461 a composite number?
True
Is 191413 a prime number?
True
Is 63493 a prime number?
True
Is 120278 prime?
False
Is 52237 composite?
False
Is 64166 a composite number?
True
Is 2129 a composite number?
False
Is 64211 a composite number?
True
Is 45431 a composite number?
True
Is 103101 a prime number?
False
Is 30671 composite?
False
Is 301343 a prime number?
False
Is 175471 a prime number?
False
Is 189169 prime?
True
Is 163543 prime?
True
Is 757 a prime number?
True
Is 952241 a composite number?
True
Is 1817 a composite number?
True
Is 24391 prime?
True
Is 27059 a composite number?
False
Is 3116651 prime?
True
Is 7583 prime?
True
Is 106553 a composite number?
True
Is 18539 prime?
True
Is 3935 composite?
True
Is 8849 prime?
True
Is 464939 composite?
False
Is 3065 a composite number?
True
Is 68033 composite?
True
Is 25661 prime?
False
Is 2182489 prime?
True
Is 315607 prime?
False
Is 33427 a composite number?
False
Is 306931 composite?
True
Is 249601 a composite number?
True
Is 62791 a composite number?
False
Is 975827 composite?
False
Is 3887899 prime?
True
Is 2528651 composite?
False
Is 3791 a prime number?
False
Is 3259513 a prime number?
False
Is 271619 prime?
True
Is 691433 prime?
True
Is 20899 composite?
False
Is 33479 a prime number?
True
Is 409561 composite?
True
Is 8201 a prime number?
False
Is 425309 prime?
True
Is 10299 prime?
False
Is 4742 a composite number?
True
Is 1413427 a composite number?
False
Is 2819 prime?
True
Is 21169 composite?
False
Is 1797 prime?
False
Is 16817 prime?
False
Is 47 a prime number?
True
Is 16561 prime?
True
Is 89189 a composite number?
False
Is 551227 composite?
True
Is 20053 a composite number?
True
Is 61322 a prime number?
False
Is 1429107 prime?
False
Is 437111 composite?
False
Is 10453 prime?
True
Is 461359 composite?
False
Is 108073 prime?
False
Is 180039 a composite number?
True
Is 37063 prime?
False
Is 20059 prime?
False
Is 109661 a composite number?
False
Is 41647 a composite number?
False
Is 52147 prime?
True
Is 52051 a prime number?
True
Is 23393 composite?
True
Is 26339 a composite number?
False
Is 761435 a prime number?
False
Is 12367 a composite number?
True
Is 64741 composite?
True
Is 44381 a composite number?
False
Is 9407 a prime number?
False
Is 39361 a composite number?
True
Is 99347 composite?
False
Is 50981 composite?
True
Is 44111 prime?
True
Is 24359 a prime number?
True
Is 2004377 composite?
False
Is 7981 a prime number?
False
Is 301439 a prime number?
False
Is 45509 prime?
False
Is 23891 composite?
True
Is 12153 composite?
True
Is 114451 prime?
True
Is 413 a prime number?
False
Is 7985 composite?
True
Is 15107 composite?
False
Is 32063 composite?
False
Is 77305 prime?
False
Is 310627 a prime number?
True
Is 9733 prime?
True
Is 21439 a prime number?
False
Is 63445 a prime number?
False
Is 5579 prime?
False
Is